{"id":294,"date":"2017-01-24T16:09:40","date_gmt":"2017-01-25T02:09:40","guid":{"rendered":"https:\/\/www.isepp.pf\/?page_id=294"},"modified":"2025-01-21T09:52:57","modified_gmt":"2025-01-21T19:52:57","slug":"le-conseil-dadministration","status":"publish","type":"page","link":"https:\/\/www.isepp.pf\/index.php\/lisepp\/le-conseil-dadministration\/","title":{"rendered":"Le conseil d&rsquo;administration"},"content":{"rendered":"\t\t<div data-elementor-type=\"wp-post\" data-elementor-id=\"294\" class=\"elementor elementor-294\" data-elementor-settings=\"[]\">\n\t\t\t\t\t\t<div class=\"elementor-inner\">\n\t\t\t\t\t\t\t<div class=\"elementor-section-wrap\">\n\t\t\t\t\t\t\t<section class=\"has_eae_slider elementor-section elementor-top-section elementor-element elementor-element-1hqo9t7 elementor-section-boxed elementor-section-height-default elementor-section-height-default\" data-id=\"1hqo9t7\" data-element_type=\"section\">\n\t\t\t\t\t\t<div class=\"elementor-container elementor-column-gap-default\">\n\t\t\t\t\t\t\t<div class=\"elementor-row\">\n\t\t\t\t\t<div class=\"has_eae_slider elementor-column elementor-col-100 elementor-top-column elementor-element elementor-element-hdbf4gp\" data-id=\"hdbf4gp\" data-element_type=\"column\">\n\t\t\t<div class=\"elementor-column-wrap elementor-element-populated\">\n\t\t\t\t\t\t\t<div class=\"elementor-widget-wrap\">\n\t\t\t\t\t\t<div class=\"elementor-element elementor-element-u8unjbx elementor-widget elementor-widget-text-editor\" data-id=\"u8unjbx\" data-element_type=\"widget\" data-widget_type=\"text-editor.default\">\n\t\t\t\t<div class=\"elementor-widget-container\">\n\t\t\t\t\t\t\t\t<div class=\"elementor-text-editor elementor-clearfix\">\n\t\t\t\t<h3>Conseil de tutelle :\u00a0<\/h3><ul><li><strong>Mgr Jean-Pierre COTTENCEAU<\/strong>, pr\u00e9sident du conseil de tutelle<\/li><li><strong>M Laurent PERIDY<\/strong>, recteur de l&rsquo;universit\u00e9 catholique de l&rsquo;Ouest<\/li><li><strong>M Emmanuel ANESTIDES <\/strong>, directeur dioc\u00e9sain de l&rsquo;enseignement catholique<\/li><\/ul>\t\t\t\t\t<\/div>\n\t\t\t\t\t\t<\/div>\n\t\t\t\t<\/div>\n\t\t\t\t\t\t<\/div>\n\t\t\t\t\t<\/div>\n\t\t<\/div>\n\t\t\t\t\t\t\t\t<\/div>\n\t\t\t\t\t<\/div>\n\t\t<\/section>\n\t\t\t\t\t\t<\/div>\n\t\t\t\t\t\t<\/div>\n\t\t\t\t\t<\/div>\n\t\t","protected":false},"excerpt":{"rendered":"<p>Conseil de tutelle :\u00a0 Mgr Jean-Pierre COTTENCEAU, pr\u00e9sident du conseil de tutelle M Laurent PERIDY, recteur de l&rsquo;universit\u00e9 catholique de l&rsquo;Ouest M Emmanuel ANESTIDES , directeur dioc\u00e9sain de l&rsquo;enseignement catholique<\/p>\n","protected":false},"author":1,"featured_media":0,"parent":57,"menu_order":0,"comment_status":"closed","ping_status":"closed","template":"","meta":{"ngg_post_thumbnail":0},"yoast_head":"<!-- This site is optimized with the Yoast SEO plugin v17.1 - https:\/\/yoast.com\/wordpress\/plugins\/seo\/ -->\n<title>Le conseil d&#039;administration - ISEPP.pf<\/title>\n<meta name=\"robots\" content=\"index, follow, max-snippet:-1, max-image-preview:large, max-video-preview:-1\" \/>\n<link rel=\"canonical\" href=\"https:\/\/www.isepp.pf\/index.php\/lisepp\/le-conseil-dadministration\/\" \/>\n<meta property=\"og:locale\" content=\"fr_FR\" \/>\n<meta property=\"og:type\" content=\"article\" \/>\n<meta property=\"og:title\" content=\"Le conseil d&#039;administration - ISEPP.pf\" \/>\n<meta property=\"og:description\" content=\"Conseil de tutelle :\u00a0 Mgr Jean-Pierre COTTENCEAU, pr\u00e9sident du conseil de tutelle M Laurent PERIDY, recteur de l&rsquo;universit\u00e9 catholique de l&rsquo;Ouest M Emmanuel ANESTIDES , directeur dioc\u00e9sain de l&rsquo;enseignement catholique\" \/>\n<meta property=\"og:url\" content=\"https:\/\/www.isepp.pf\/index.php\/lisepp\/le-conseil-dadministration\/\" \/>\n<meta property=\"og:site_name\" content=\"ISEPP.pf\" \/>\n<meta property=\"article:publisher\" content=\"https:\/\/fr-fr.facebook.com\/ISEPP-UCO-Pacifique-886593534792027\/?ref=page_internal\" \/>\n<meta property=\"article:modified_time\" content=\"2025-01-21T19:52:57+00:00\" \/>\n<meta name=\"twitter:card\" content=\"summary\" \/>\n<meta name=\"twitter:label1\" content=\"Dur\u00e9e de lecture est.\" \/>\n\t<meta name=\"twitter:data1\" content=\"1 minute\" \/>\n<script type=\"application\/ld+json\" class=\"yoast-schema-graph\">{\"@context\":\"https:\/\/schema.org\",\"@graph\":[{\"@type\":\"WebSite\",\"@id\":\"https:\/\/www.isepp.pf\/#website\",\"url\":\"https:\/\/www.isepp.pf\/\",\"name\":\"ISEPP.pf\",\"description\":\"\",\"potentialAction\":[{\"@type\":\"SearchAction\",\"target\":{\"@type\":\"EntryPoint\",\"urlTemplate\":\"https:\/\/www.isepp.pf\/?s={search_term_string}\"},\"query-input\":\"required name=search_term_string\"}],\"inLanguage\":\"fr-FR\"},{\"@type\":\"WebPage\",\"@id\":\"https:\/\/www.isepp.pf\/index.php\/lisepp\/le-conseil-dadministration\/#webpage\",\"url\":\"https:\/\/www.isepp.pf\/index.php\/lisepp\/le-conseil-dadministration\/\",\"name\":\"Le conseil d'administration - ISEPP.pf\",\"isPartOf\":{\"@id\":\"https:\/\/www.isepp.pf\/#website\"},\"datePublished\":\"2017-01-25T02:09:40+00:00\",\"dateModified\":\"2025-01-21T19:52:57+00:00\",\"breadcrumb\":{\"@id\":\"https:\/\/www.isepp.pf\/index.php\/lisepp\/le-conseil-dadministration\/#breadcrumb\"},\"inLanguage\":\"fr-FR\",\"potentialAction\":[{\"@type\":\"ReadAction\",\"target\":[\"https:\/\/www.isepp.pf\/index.php\/lisepp\/le-conseil-dadministration\/\"]}]},{\"@type\":\"BreadcrumbList\",\"@id\":\"https:\/\/www.isepp.pf\/index.php\/lisepp\/le-conseil-dadministration\/#breadcrumb\",\"itemListElement\":[{\"@type\":\"ListItem\",\"position\":1,\"name\":\"Accueil\",\"item\":\"https:\/\/www.isepp.pf\/\"},{\"@type\":\"ListItem\",\"position\":2,\"name\":\"L&rsquo;ISEPP\",\"item\":\"https:\/\/www.isepp.pf\/index.php\/lisepp\/\"},{\"@type\":\"ListItem\",\"position\":3,\"name\":\"Le conseil d&rsquo;administration\"}]}]}<\/script>\n<!-- \/ Yoast SEO plugin. -->","yoast_head_json":{"title":"Le conseil d'administration - ISEPP.pf","robots":{"index":"index","follow":"follow","max-snippet":"max-snippet:-1","max-image-preview":"max-image-preview:large","max-video-preview":"max-video-preview:-1"},"canonical":"https:\/\/www.isepp.pf\/index.php\/lisepp\/le-conseil-dadministration\/","og_locale":"fr_FR","og_type":"article","og_title":"Le conseil d'administration - ISEPP.pf","og_description":"Conseil de tutelle :\u00a0 Mgr Jean-Pierre COTTENCEAU, pr\u00e9sident du conseil de tutelle M Laurent PERIDY, recteur de l&rsquo;universit\u00e9 catholique de l&rsquo;Ouest M Emmanuel ANESTIDES , directeur dioc\u00e9sain de l&rsquo;enseignement catholique","og_url":"https:\/\/www.isepp.pf\/index.php\/lisepp\/le-conseil-dadministration\/","og_site_name":"ISEPP.pf","article_publisher":"https:\/\/fr-fr.facebook.com\/ISEPP-UCO-Pacifique-886593534792027\/?ref=page_internal","article_modified_time":"2025-01-21T19:52:57+00:00","twitter_card":"summary","twitter_misc":{"Dur\u00e9e de lecture est.":"1 minute"},"schema":{"@context":"https:\/\/schema.org","@graph":[{"@type":"WebSite","@id":"https:\/\/www.isepp.pf\/#website","url":"https:\/\/www.isepp.pf\/","name":"ISEPP.pf","description":"","potentialAction":[{"@type":"SearchAction","target":{"@type":"EntryPoint","urlTemplate":"https:\/\/www.isepp.pf\/?s={search_term_string}"},"query-input":"required name=search_term_string"}],"inLanguage":"fr-FR"},{"@type":"WebPage","@id":"https:\/\/www.isepp.pf\/index.php\/lisepp\/le-conseil-dadministration\/#webpage","url":"https:\/\/www.isepp.pf\/index.php\/lisepp\/le-conseil-dadministration\/","name":"Le conseil d'administration - ISEPP.pf","isPartOf":{"@id":"https:\/\/www.isepp.pf\/#website"},"datePublished":"2017-01-25T02:09:40+00:00","dateModified":"2025-01-21T19:52:57+00:00","breadcrumb":{"@id":"https:\/\/www.isepp.pf\/index.php\/lisepp\/le-conseil-dadministration\/#breadcrumb"},"inLanguage":"fr-FR","potentialAction":[{"@type":"ReadAction","target":["https:\/\/www.isepp.pf\/index.php\/lisepp\/le-conseil-dadministration\/"]}]},{"@type":"BreadcrumbList","@id":"https:\/\/www.isepp.pf\/index.php\/lisepp\/le-conseil-dadministration\/#breadcrumb","itemListElement":[{"@type":"ListItem","position":1,"name":"Accueil","item":"https:\/\/www.isepp.pf\/"},{"@type":"ListItem","position":2,"name":"L&rsquo;ISEPP","item":"https:\/\/www.isepp.pf\/index.php\/lisepp\/"},{"@type":"ListItem","position":3,"name":"Le conseil d&rsquo;administration"}]}]}},"_links":{"self":[{"href":"https:\/\/www.isepp.pf\/index.php\/wp-json\/wp\/v2\/pages\/294"}],"collection":[{"href":"https:\/\/www.isepp.pf\/index.php\/wp-json\/wp\/v2\/pages"}],"about":[{"href":"https:\/\/www.isepp.pf\/index.php\/wp-json\/wp\/v2\/types\/page"}],"author":[{"embeddable":true,"href":"https:\/\/www.isepp.pf\/index.php\/wp-json\/wp\/v2\/users\/1"}],"replies":[{"embeddable":true,"href":"https:\/\/www.isepp.pf\/index.php\/wp-json\/wp\/v2\/comments?post=294"}],"version-history":[{"count":14,"href":"https:\/\/www.isepp.pf\/index.php\/wp-json\/wp\/v2\/pages\/294\/revisions"}],"predecessor-version":[{"id":1865,"href":"https:\/\/www.isepp.pf\/index.php\/wp-json\/wp\/v2\/pages\/294\/revisions\/1865"}],"up":[{"embeddable":true,"href":"https:\/\/www.isepp.pf\/index.php\/wp-json\/wp\/v2\/pages\/57"}],"wp:attachment":[{"href":"https:\/\/www.isepp.pf\/index.php\/wp-json\/wp\/v2\/media?parent=294"}],"curies":[{"name":"wp","href":"https:\/\/api.w.org\/{rel}","templated":true}]}}

<div data-elementor-type="wp-post" data-elementor-id="294" class="elementor elementor-294" data-elementor-settings="[]">
						<div class="elementor-inner">
							<div class="elementor-section-wrap">
							<section class="has_eae_slider elementor-section elementor-top-section elementor-element elementor-element-1hqo9t7 elementor-section-boxed elementor-section-height-default elementor-section-height-default" data-id="1hqo9t7" data-element_type="section">
						<div class="elementor-container elementor-column-gap-default">
							<div class="elementor-row">
					<div class="has_eae_slider elementor-column elementor-col-100 elementor-top-column elementor-element elementor-element-hdbf4gp" data-id="hdbf4gp" data-element_type="column">
			<div class="elementor-column-wrap elementor-element-populated">
							<div class="elementor-widget-wrap">
						<div class="elementor-element elementor-element-u8unjbx elementor-widget elementor-widget-text-editor" data-id="u8unjbx" data-element_type="widget" data-widget_type="text-editor.default">
				<div class="elementor-widget-container">
								<div class="elementor-text-editor elementor-clearfix">
				<h3>Conseil de tutelle : </h3><ul><li><strong>Mgr Jean-Pierre COTTENCEAU</strong>, président du conseil de tutelle</li><li><strong>M Laurent PERIDY</strong>, recteur de l&rsquo;université catholique de l&rsquo;Ouest</li><li><strong>M Emmanuel ANESTIDES </strong>, directeur diocésain de l&rsquo;enseignement catholique</li></ul>					</div>
						</div>
				</div>
						</div>
					</div>
		</div>
								</div>
					</div>
		</section>
						</div>
						</div>
					</div>

<p>Conseil de tutelle :  Mgr Jean-Pierre COTTENCEAU, président du conseil de tutelle M Laurent PERIDY, recteur de l&rsquo;université catholique de l&rsquo;Ouest M Emmanuel ANESTIDES , directeur diocésain de l&rsquo;enseignement catholique</p>

<!-- This site is optimized with the Yoast SEO plugin v17.1 - https://yoast.com/wordpress/plugins/seo/ -->
<title>Le conseil d&#039;administration - ISEPP.pf</title>
<meta name="robots" content="index, follow, max-snippet:-1, max-image-preview:large, max-video-preview:-1" />
<link rel="canonical" href="https://www.isepp.pf/index.php/lisepp/le-conseil-dadministration/" />
<meta property="og:locale" content="fr_FR" />
<meta property="og:type" content="article" />
<meta property="og:title" content="Le conseil d&#039;administration - ISEPP.pf" />
<meta property="og:description" content="Conseil de tutelle :  Mgr Jean-Pierre COTTENCEAU, président du conseil de tutelle M Laurent PERIDY, recteur de l&rsquo;université catholique de l&rsquo;Ouest M Emmanuel ANESTIDES , directeur diocésain de l&rsquo;enseignement catholique" />
<meta property="og:url" content="https://www.isepp.pf/index.php/lisepp/le-conseil-dadministration/" />
<meta property="og:site_name" content="ISEPP.pf" />
<meta property="article:publisher" content="https://fr-fr.facebook.com/ISEPP-UCO-Pacifique-886593534792027/?ref=page_internal" />
<meta property="article:modified_time" content="2025-01-21T19:52:57+00:00" />
<meta name="twitter:card" content="summary" />
<meta name="twitter:label1" content="Durée de lecture est." />
	<meta name="twitter:data1" content="1 minute" />
<script type="application/ld+json" class="yoast-schema-graph">{"@context":"https://schema.org","@graph":[{"@type":"WebSite","@id":"https://www.isepp.pf/#website","url":"https://www.isepp.pf/","name":"ISEPP.pf","description":"","potentialAction":[{"@type":"SearchAction","target":{"@type":"EntryPoint","urlTemplate":"https://www.isepp.pf/?s={search_term_string}"},"query-input":"required name=search_term_string"}],"inLanguage":"fr-FR"},{"@type":"WebPage","@id":"https://www.isepp.pf/index.php/lisepp/le-conseil-dadministration/#webpage","url":"https://www.isepp.pf/index.php/lisepp/le-conseil-dadministration/","name":"Le conseil d'administration - ISEPP.pf","isPartOf":{"@id":"https://www.isepp.pf/#website"},"datePublished":"2017-01-25T02:09:40+00:00","dateModified":"2025-01-21T19:52:57+00:00","breadcrumb":{"@id":"https://www.isepp.pf/index.php/lisepp/le-conseil-dadministration/#breadcrumb"},"inLanguage":"fr-FR","potentialAction":[{"@type":"ReadAction","target":["https://www.isepp.pf/index.php/lisepp/le-conseil-dadministration/"]}]},{"@type":"BreadcrumbList","@id":"https://www.isepp.pf/index.php/lisepp/le-conseil-dadministration/#breadcrumb","itemListElement":[{"@type":"ListItem","position":1,"name":"Accueil","item":"https://www.isepp.pf/"},{"@type":"ListItem","position":2,"name":"L&rsquo;ISEPP","item":"https://www.isepp.pf/index.php/lisepp/"},{"@type":"ListItem","position":3,"name":"Le conseil d&rsquo;administration"}]}]}</script>
<!-- / Yoast SEO plugin. -->

Conseil de tutelle :  Mgr Jean-Pierre COTTENCEAU, président du conseil de tutelle M Laurent PERIDY, recteur de l&rsquo;université catholique de l&rsquo;Ouest M Emmanuel ANESTIDES , directeur diocésain de l&rsquo;enseignement catholique
