{"id":53,"date":"2016-11-29T18:42:34","date_gmt":"2016-11-29T17:42:34","guid":{"rendered":"http:\/\/192.168.71.104\/?page_id=53"},"modified":"2019-03-21T15:37:49","modified_gmt":"2019-03-22T01:37:49","slug":"les-periodiques","status":"publish","type":"page","link":"https:\/\/www.isepp.pf\/index.php\/la-bu\/les-periodiques\/","title":{"rendered":"P\u00e9riodiques"},"content":{"rendered":"\t\t<div data-elementor-type=\"wp-post\" data-elementor-id=\"53\" class=\"elementor elementor-53\" data-elementor-settings=\"[]\">\n\t\t\t\t\t\t<div class=\"elementor-inner\">\n\t\t\t\t\t\t\t<div class=\"elementor-section-wrap\">\n\t\t\t\t\t\t\t<section class=\"has_eae_slider elementor-section elementor-top-section elementor-element elementor-element-klaguqr elementor-section-boxed elementor-section-height-default elementor-section-height-default\" data-id=\"klaguqr\" data-element_type=\"section\">\n\t\t\t\t\t\t<div class=\"elementor-container elementor-column-gap-default\">\n\t\t\t\t\t\t\t<div class=\"elementor-row\">\n\t\t\t\t\t<div class=\"has_eae_slider elementor-column elementor-col-100 elementor-top-column elementor-element elementor-element-xosrzii\" data-id=\"xosrzii\" data-element_type=\"column\">\n\t\t\t<div class=\"elementor-column-wrap elementor-element-populated\">\n\t\t\t\t\t\t\t<div class=\"elementor-widget-wrap\">\n\t\t\t\t\t\t<section class=\"has_eae_slider elementor-section elementor-inner-section elementor-element elementor-element-hdyfwaq elementor-section-boxed elementor-section-height-default elementor-section-height-default\" data-id=\"hdyfwaq\" data-element_type=\"section\">\n\t\t\t\t\t\t<div class=\"elementor-container elementor-column-gap-default\">\n\t\t\t\t\t\t\t<div class=\"elementor-row\">\n\t\t\t\t\t<div class=\"has_eae_slider elementor-column elementor-col-66 elementor-inner-column elementor-element elementor-element-sqkiugn\" data-id=\"sqkiugn\" data-element_type=\"column\">\n\t\t\t<div class=\"elementor-column-wrap\">\n\t\t\t\t\t\t\t<div class=\"elementor-widget-wrap\">\n\t\t\t\t\t\t\t\t<\/div>\n\t\t\t\t\t<\/div>\n\t\t<\/div>\n\t\t\t\t<div class=\"has_eae_slider elementor-column elementor-col-33 elementor-inner-column elementor-element elementor-element-ftdnvxm\" data-id=\"ftdnvxm\" data-element_type=\"column\">\n\t\t\t<div class=\"elementor-column-wrap elementor-element-populated\">\n\t\t\t\t\t\t\t<div class=\"elementor-widget-wrap\">\n\t\t\t\t\t\t<div class=\"elementor-element elementor-element-gryokmu elementor-widget elementor-widget-image\" data-id=\"gryokmu\" data-element_type=\"widget\" data-widget_type=\"image.default\">\n\t\t\t\t<div class=\"elementor-widget-container\">\n\t\t\t\t\t\t\t\t<div class=\"elementor-image\">\n\t\t\t\t\t\t\t\t\t\t\t\t<img width=\"300\" height=\"300\" src=\"https:\/\/www.isepp.pf\/wp-content\/uploads\/2016\/11\/info_comm_001.jpg\" class=\"attachment-ocean_insta_square size-ocean_insta_square\" alt=\"\" loading=\"lazy\" srcset=\"https:\/\/www.isepp.pf\/wp-content\/uploads\/2016\/11\/info_comm_001.jpg 300w, https:\/\/www.isepp.pf\/wp-content\/uploads\/2016\/11\/info_comm_001-150x150.jpg 150w\" sizes=\"(max-width: 300px) 100vw, 300px\" \/>\t\t\t\t\t\t\t\t\t\t\t\t\t\t<\/div>\n\t\t\t\t\t\t<\/div>\n\t\t\t\t<\/div>\n\t\t\t\t<div class=\"elementor-element elementor-element-zwezmjn elementor-widget elementor-widget-spacer\" data-id=\"zwezmjn\" data-element_type=\"widget\" data-widget_type=\"spacer.default\">\n\t\t\t\t<div class=\"elementor-widget-container\">\n\t\t\t\t\t<div class=\"elementor-spacer\">\n\t\t\t<div class=\"elementor-spacer-inner\"><\/div>\n\t\t<\/div>\n\t\t\t\t<\/div>\n\t\t\t\t<\/div>\n\t\t\t\t<div class=\"elementor-element elementor-element-ywlqgqq elementor-widget elementor-widget-heading\" data-id=\"ywlqgqq\" data-element_type=\"widget\" data-widget_type=\"heading.default\">\n\t\t\t\t<div class=\"elementor-widget-container\">\n\t\t\t<h2 class=\"elementor-heading-title elementor-size-default\">T\u00c9L\u00c9CHARGER<\/h2>\t\t<\/div>\n\t\t\t\t<\/div>\n\t\t\t\t<div class=\"elementor-element elementor-element-xdruzoi elementor-align-justify elementor-widget elementor-widget-button\" data-id=\"xdruzoi\" data-element_type=\"widget\" data-widget_type=\"button.default\">\n\t\t\t\t<div class=\"elementor-widget-container\">\n\t\t\t\t\t<div class=\"elementor-button-wrapper\">\n\t\t\t<a href=\"http:\/\/192.168.71.104\/wp-content\/uploads\/2016\/12\/Normes-bibliographiques.pdf\" class=\"elementor-button-link elementor-button elementor-size-sm\" role=\"button\">\n\t\t\t\t\t\t<span class=\"elementor-button-content-wrapper\">\n\t\t\t\t\t\t<span class=\"elementor-button-icon elementor-align-icon-left\">\n\t\t\t\t\t\t\t\t\t<i class=\"fa fa-arrow-circle-o-right\" aria-hidden=\"true\"><\/i>\n\t\t\t\t\t\t\t<\/span>\n\t\t\t\t\t\t<span class=\"elementor-button-text\">NORMES BIBLIOGRAPHIQUES<\/span>\n\t\t<\/span>\n\t\t\t\t\t<\/a>\n\t\t<\/div>\n\t\t\t\t<\/div>\n\t\t\t\t<\/div>\n\t\t\t\t<div class=\"elementor-element elementor-element-sdooogr elementor-align-justify elementor-widget elementor-widget-button\" data-id=\"sdooogr\" data-element_type=\"widget\" data-widget_type=\"button.default\">\n\t\t\t\t<div class=\"elementor-widget-container\">\n\t\t\t\t\t<div class=\"elementor-button-wrapper\">\n\t\t\t<a href=\"#\" class=\"elementor-button-link elementor-button elementor-size-sm\" role=\"button\">\n\t\t\t\t\t\t<span class=\"elementor-button-content-wrapper\">\n\t\t\t\t\t\t<span class=\"elementor-button-icon elementor-align-icon-left\">\n\t\t\t\t\t\t\t\t\t<i class=\"fa fa-arrow-circle-o-right\" aria-hidden=\"true\"><\/i>\n\t\t\t\t\t\t\t<\/span>\n\t\t\t\t\t\t<span class=\"elementor-button-text\">NOUVEAUT\u00c9S BU<\/span>\n\t\t<\/span>\n\t\t\t\t\t<\/a>\n\t\t<\/div>\n\t\t\t\t<\/div>\n\t\t\t\t<\/div>\n\t\t\t\t<div class=\"elementor-element elementor-element-taajbzk elementor-widget elementor-widget-heading\" data-id=\"taajbzk\" data-element_type=\"widget\" data-widget_type=\"heading.default\">\n\t\t\t\t<div class=\"elementor-widget-container\">\n\t\t\t<h2 class=\"elementor-heading-title elementor-size-default\">HORAIRES D'OUVERTURE<\/h2>\t\t<\/div>\n\t\t\t\t<\/div>\n\t\t\t\t<div class=\"elementor-element elementor-element-phvbcpx elementor-widget elementor-widget-text-editor\" data-id=\"phvbcpx\" data-element_type=\"widget\" data-widget_type=\"text-editor.default\">\n\t\t\t\t<div class=\"elementor-widget-container\">\n\t\t\t\t\t\t\t\t<div class=\"elementor-text-editor elementor-clearfix\">\n\t\t\t\t<p><strong>Du lundi au vendredi : 7h00 \u2013 16h00<\/strong><\/p><p>(Horaires modifi\u00e9s pendant les cong\u00e9s universitaires)<\/p>\t\t\t\t\t<\/div>\n\t\t\t\t\t\t<\/div>\n\t\t\t\t<\/div>\n\t\t\t\t<div class=\"elementor-element elementor-element-luzjxtw elementor-widget elementor-widget-heading\" data-id=\"luzjxtw\" data-element_type=\"widget\" data-widget_type=\"heading.default\">\n\t\t\t\t<div class=\"elementor-widget-container\">\n\t\t\t<h2 class=\"elementor-heading-title elementor-size-default\">CONTACT<\/h2>\t\t<\/div>\n\t\t\t\t<\/div>\n\t\t\t\t<div class=\"elementor-element elementor-element-llkxufj elementor-widget elementor-widget-text-editor\" data-id=\"llkxufj\" data-element_type=\"widget\" data-widget_type=\"text-editor.default\">\n\t\t\t\t<div class=\"elementor-widget-container\">\n\t\t\t\t\t\t\t\t<div class=\"elementor-text-editor elementor-clearfix\">\n\t\t\t\t<p>T\u00e9l. : 40.505.179<\/p><p>Email : bu@isepp.pf<\/p>\t\t\t\t\t<\/div>\n\t\t\t\t\t\t<\/div>\n\t\t\t\t<\/div>\n\t\t\t\t<div class=\"elementor-element elementor-element-bevmsxm elementor-widget elementor-widget-heading\" data-id=\"bevmsxm\" data-element_type=\"widget\" data-widget_type=\"heading.default\">\n\t\t\t\t<div class=\"elementor-widget-container\">\n\t\t\t<h2 class=\"elementor-heading-title elementor-size-default\">CATALOGUE EN LIGNE<\/h2>\t\t<\/div>\n\t\t\t\t<\/div>\n\t\t\t\t<div class=\"elementor-element elementor-element-spvnnus elementor-widget elementor-widget-text-editor\" data-id=\"spvnnus\" data-element_type=\"widget\" data-widget_type=\"text-editor.default\">\n\t\t\t\t<div class=\"elementor-widget-container\">\n\t\t\t\t\t\t\t\t<div class=\"elementor-text-editor elementor-clearfix\">\n\t\t\t\t<p><a href=\"http:\/\/bcdi.isepp.pf\/bcdi\/bcdiweb.cgi\/ISEPP\" target=\"_blank\">Acc\u00e8s au catalogue en ligne<\/a><\/p>\t\t\t\t\t<\/div>\n\t\t\t\t\t\t<\/div>\n\t\t\t\t<\/div>\n\t\t\t\t<div class=\"elementor-element elementor-element-eocywoc elementor-widget elementor-widget-heading\" data-id=\"eocywoc\" data-element_type=\"widget\" data-widget_type=\"heading.default\">\n\t\t\t\t<div class=\"elementor-widget-container\">\n\t\t\t<h2 class=\"elementor-heading-title elementor-size-default\">PR\u00caT<\/h2>\t\t<\/div>\n\t\t\t\t<\/div>\n\t\t\t\t<div class=\"elementor-element elementor-element-xwyjqbv elementor-widget elementor-widget-text-editor\" data-id=\"xwyjqbv\" data-element_type=\"widget\" data-widget_type=\"text-editor.default\">\n\t\t\t\t<div class=\"elementor-widget-container\">\n\t\t\t\t\t\t\t\t<div class=\"elementor-text-editor elementor-clearfix\">\n\t\t\t\t<p>Les ouvrages de la biblioth\u00e8que peuvent \u00eatre emprunt\u00e9s, trois (3) au maximum \u00e0 la fois et pour une dur\u00e9e maximale de quinze jours.<\/p>\t\t\t\t\t<\/div>\n\t\t\t\t\t\t<\/div>\n\t\t\t\t<\/div>\n\t\t\t\t<div class=\"elementor-element elementor-element-didjolm elementor-widget elementor-widget-heading\" data-id=\"didjolm\" data-element_type=\"widget\" data-widget_type=\"heading.default\">\n\t\t\t\t<div class=\"elementor-widget-container\">\n\t\t\t<h2 class=\"elementor-heading-title elementor-size-default\">OUTILS EN LIGNE<\/h2>\t\t<\/div>\n\t\t\t\t<\/div>\n\t\t\t\t<div class=\"elementor-element elementor-element-qsrokmm elementor-widget elementor-widget-text-editor\" data-id=\"qsrokmm\" data-element_type=\"widget\" data-widget_type=\"text-editor.default\">\n\t\t\t\t<div class=\"elementor-widget-container\">\n\t\t\t\t\t\t\t\t<div class=\"elementor-text-editor elementor-clearfix\">\n\t\t\t\t<div class=\"sidebar\"><div class=\"widget custom\"><ul><li><a href=\"http:\/\/www.cairn.info\/\" target=\"_blank\" rel=\"noopener\">www.cairn.info<\/a><\/li><li><a href=\"http:\/\/www.revues.org\" target=\"_blank\" rel=\"noopener\">www.revues.org<\/a><\/li><li><a href=\"http:\/\/www.educasources.education.fr\" target=\"_blank\" rel=\"noopener\">www.educasources.education.fr<\/a><\/li><li><a href=\"http:\/\/eduscol.education.fr\" target=\"_blank\" rel=\"noopener\">eduscol.education.fr<\/a><\/li><\/ul><p><strong>\u00a0Ouvrages libres de droits<\/strong><\/p><ul><li><a href=\"http:\/\/www.remacle.org\" target=\"_blank\" rel=\"noopener\">litt\u00e9rature grecque et latine de l\u2019Antiquit\u00e9<\/a><\/li><li><a href=\"http:\/\/classiques.uqac.ca\/\" target=\"_blank\" rel=\"noopener\">ouvrages classiques de sciences humaines et sociales<\/a><\/li><\/ul><p><strong>Dictionnaires bilingues<\/strong><\/p><ul><li><a href=\"http:\/\/www.farevanaa.pf\/dictionnaire.php\" target=\"_blank\" rel=\"noopener\">tahitien-fran\u00e7ais<\/a><\/li><li><a href=\"http:\/\/dictionnaire.reverso.net\/anglais-francais\/\" target=\"_blank\" rel=\"noopener\">anglais-fran\u00e7ais<\/a><\/li><li><a href=\"http:\/\/dictionnaire.reverso.net\/francais-anglais\/\" target=\"_blank\" rel=\"noopener\">fran\u00e7ais-anglais<\/a><\/li><li><a href=\"http:\/\/dict.leo.org\/frde?lang=fr&amp;lp=frde&amp;search=\" target=\"_blank\" rel=\"noopener\">allemand-fran\u00e7ais<\/a><\/li><li>grec-fran\u00e7ais, <a href=\"http:\/\/home.scarlet.be\/tabularium\/bailly\/index.html\" target=\"_blank\" rel=\"noopener\">Bailly abr\u00e9g\u00e9 num\u00e9ris\u00e9<\/a><\/li><li>latin-fran\u00e7ais, <a href=\"http:\/\/www.prima-elementa.fr\/Gaffiot\/Gaffiot-dico.html\" target=\"_blank\" rel=\"noopener\">Gaffiot num\u00e9ris\u00e9<\/a><\/li><\/ul><\/div><\/div><div class=\"clear \">\u00a0<\/div>\t\t\t\t\t<\/div>\n\t\t\t\t\t\t<\/div>\n\t\t\t\t<\/div>\n\t\t\t\t\t\t<\/div>\n\t\t\t\t\t<\/div>\n\t\t<\/div>\n\t\t\t\t\t\t\t\t<\/div>\n\t\t\t\t\t<\/div>\n\t\t<\/section>\n\t\t\t\t\t\t<\/div>\n\t\t\t\t\t<\/div>\n\t\t<\/div>\n\t\t\t\t\t\t\t\t<\/div>\n\t\t\t\t\t<\/div>\n\t\t<\/section>\n\t\t\t\t\t\t<\/div>\n\t\t\t\t\t\t<\/div>\n\t\t\t\t\t<\/div>\n\t\t","protected":false},"excerpt":{"rendered":"<p>T\u00c9L\u00c9CHARGER NORMES BIBLIOGRAPHIQUES NOUVEAUT\u00c9S BU HORAIRES D&rsquo;OUVERTURE Du lundi au vendredi : 7h00 \u2013 16h00 (Horaires modifi\u00e9s pendant les cong\u00e9s universitaires) CONTACT T\u00e9l. : 40.505.179 Email : bu@isepp.pf CATALOGUE EN LIGNE Acc\u00e8s au catalogue en ligne PR\u00caT Les ouvrages de la biblioth\u00e8que peuvent \u00eatre emprunt\u00e9s, trois (3) au maximum \u00e0 la fois et pour une [&hellip;]<\/p>\n","protected":false},"author":1,"featured_media":0,"parent":49,"menu_order":2,"comment_status":"closed","ping_status":"closed","template":"","meta":{"ngg_post_thumbnail":0},"yoast_head":"<!-- This site is optimized with the Yoast SEO plugin v17.1 - https:\/\/yoast.com\/wordpress\/plugins\/seo\/ -->\n<title>P\u00e9riodiques - ISEPP.pf<\/title>\n<meta name=\"robots\" content=\"index, follow, max-snippet:-1, max-image-preview:large, max-video-preview:-1\" \/>\n<link rel=\"canonical\" href=\"https:\/\/www.isepp.pf\/index.php\/la-bu\/les-periodiques\/\" \/>\n<meta property=\"og:locale\" content=\"fr_FR\" \/>\n<meta property=\"og:type\" content=\"article\" \/>\n<meta property=\"og:title\" content=\"P\u00e9riodiques - ISEPP.pf\" \/>\n<meta property=\"og:description\" content=\"T\u00c9L\u00c9CHARGER NORMES BIBLIOGRAPHIQUES NOUVEAUT\u00c9S BU HORAIRES D&rsquo;OUVERTURE Du lundi au vendredi : 7h00 \u2013 16h00 (Horaires modifi\u00e9s pendant les cong\u00e9s universitaires) CONTACT T\u00e9l. : 40.505.179 Email : bu@isepp.pf CATALOGUE EN LIGNE Acc\u00e8s au catalogue en ligne PR\u00caT Les ouvrages de la biblioth\u00e8que peuvent \u00eatre emprunt\u00e9s, trois (3) au maximum \u00e0 la fois et pour une [&hellip;]\" \/>\n<meta property=\"og:url\" content=\"https:\/\/www.isepp.pf\/index.php\/la-bu\/les-periodiques\/\" \/>\n<meta property=\"og:site_name\" content=\"ISEPP.pf\" \/>\n<meta property=\"article:publisher\" content=\"https:\/\/fr-fr.facebook.com\/ISEPP-UCO-Pacifique-886593534792027\/?ref=page_internal\" \/>\n<meta property=\"article:modified_time\" content=\"2019-03-22T01:37:49+00:00\" \/>\n<meta property=\"og:image\" content=\"https:\/\/www.isepp.pf\/wp-content\/uploads\/2016\/11\/info_comm_001.jpg\" \/>\n<meta name=\"twitter:card\" content=\"summary\" \/>\n<meta name=\"twitter:label1\" content=\"Dur\u00e9e de lecture est.\" \/>\n\t<meta name=\"twitter:data1\" content=\"1 minute\" \/>\n<script type=\"application\/ld+json\" class=\"yoast-schema-graph\">{\"@context\":\"https:\/\/schema.org\",\"@graph\":[{\"@type\":\"WebSite\",\"@id\":\"https:\/\/www.isepp.pf\/#website\",\"url\":\"https:\/\/www.isepp.pf\/\",\"name\":\"ISEPP.pf\",\"description\":\"\",\"potentialAction\":[{\"@type\":\"SearchAction\",\"target\":{\"@type\":\"EntryPoint\",\"urlTemplate\":\"https:\/\/www.isepp.pf\/?s={search_term_string}\"},\"query-input\":\"required name=search_term_string\"}],\"inLanguage\":\"fr-FR\"},{\"@type\":\"ImageObject\",\"@id\":\"https:\/\/www.isepp.pf\/index.php\/la-bu\/les-periodiques\/#primaryimage\",\"inLanguage\":\"fr-FR\",\"url\":\"https:\/\/www.isepp.pf\/wp-content\/uploads\/2016\/11\/info_comm_001.jpg\",\"contentUrl\":\"https:\/\/www.isepp.pf\/wp-content\/uploads\/2016\/11\/info_comm_001.jpg\",\"width\":300,\"height\":300,\"caption\":\"INFOCOM\"},{\"@type\":\"WebPage\",\"@id\":\"https:\/\/www.isepp.pf\/index.php\/la-bu\/les-periodiques\/#webpage\",\"url\":\"https:\/\/www.isepp.pf\/index.php\/la-bu\/les-periodiques\/\",\"name\":\"P\\u00e9riodiques - ISEPP.pf\",\"isPartOf\":{\"@id\":\"https:\/\/www.isepp.pf\/#website\"},\"primaryImageOfPage\":{\"@id\":\"https:\/\/www.isepp.pf\/index.php\/la-bu\/les-periodiques\/#primaryimage\"},\"datePublished\":\"2016-11-29T17:42:34+00:00\",\"dateModified\":\"2019-03-22T01:37:49+00:00\",\"breadcrumb\":{\"@id\":\"https:\/\/www.isepp.pf\/index.php\/la-bu\/les-periodiques\/#breadcrumb\"},\"inLanguage\":\"fr-FR\",\"potentialAction\":[{\"@type\":\"ReadAction\",\"target\":[\"https:\/\/www.isepp.pf\/index.php\/la-bu\/les-periodiques\/\"]}]},{\"@type\":\"BreadcrumbList\",\"@id\":\"https:\/\/www.isepp.pf\/index.php\/la-bu\/les-periodiques\/#breadcrumb\",\"itemListElement\":[{\"@type\":\"ListItem\",\"position\":1,\"name\":\"Accueil\",\"item\":\"https:\/\/www.isepp.pf\/\"},{\"@type\":\"ListItem\",\"position\":2,\"name\":\"LA BU\",\"item\":\"https:\/\/www.isepp.pf\/index.php\/la-bu\/\"},{\"@type\":\"ListItem\",\"position\":3,\"name\":\"P\\u00e9riodiques\"}]}]}<\/script>\n<!-- \/ Yoast SEO plugin. -->","yoast_head_json":{"title":"P\u00e9riodiques - ISEPP.pf","robots":{"index":"index","follow":"follow","max-snippet":"max-snippet:-1","max-image-preview":"max-image-preview:large","max-video-preview":"max-video-preview:-1"},"canonical":"https:\/\/www.isepp.pf\/index.php\/la-bu\/les-periodiques\/","og_locale":"fr_FR","og_type":"article","og_title":"P\u00e9riodiques - ISEPP.pf","og_description":"T\u00c9L\u00c9CHARGER NORMES BIBLIOGRAPHIQUES NOUVEAUT\u00c9S BU HORAIRES D&rsquo;OUVERTURE Du lundi au vendredi : 7h00 \u2013 16h00 (Horaires modifi\u00e9s pendant les cong\u00e9s universitaires) CONTACT T\u00e9l. : 40.505.179 Email : bu@isepp.pf CATALOGUE EN LIGNE Acc\u00e8s au catalogue en ligne PR\u00caT Les ouvrages de la biblioth\u00e8que peuvent \u00eatre emprunt\u00e9s, trois (3) au maximum \u00e0 la fois et pour une [&hellip;]","og_url":"https:\/\/www.isepp.pf\/index.php\/la-bu\/les-periodiques\/","og_site_name":"ISEPP.pf","article_publisher":"https:\/\/fr-fr.facebook.com\/ISEPP-UCO-Pacifique-886593534792027\/?ref=page_internal","article_modified_time":"2019-03-22T01:37:49+00:00","og_image":[{"url":"https:\/\/www.isepp.pf\/wp-content\/uploads\/2016\/11\/info_comm_001.jpg"}],"twitter_card":"summary","twitter_misc":{"Dur\u00e9e de lecture est.":"1 minute"},"schema":{"@context":"https:\/\/schema.org","@graph":[{"@type":"WebSite","@id":"https:\/\/www.isepp.pf\/#website","url":"https:\/\/www.isepp.pf\/","name":"ISEPP.pf","description":"","potentialAction":[{"@type":"SearchAction","target":{"@type":"EntryPoint","urlTemplate":"https:\/\/www.isepp.pf\/?s={search_term_string}"},"query-input":"required name=search_term_string"}],"inLanguage":"fr-FR"},{"@type":"ImageObject","@id":"https:\/\/www.isepp.pf\/index.php\/la-bu\/les-periodiques\/#primaryimage","inLanguage":"fr-FR","url":"https:\/\/www.isepp.pf\/wp-content\/uploads\/2016\/11\/info_comm_001.jpg","contentUrl":"https:\/\/www.isepp.pf\/wp-content\/uploads\/2016\/11\/info_comm_001.jpg","width":300,"height":300,"caption":"INFOCOM"},{"@type":"WebPage","@id":"https:\/\/www.isepp.pf\/index.php\/la-bu\/les-periodiques\/#webpage","url":"https:\/\/www.isepp.pf\/index.php\/la-bu\/les-periodiques\/","name":"P\u00e9riodiques - ISEPP.pf","isPartOf":{"@id":"https:\/\/www.isepp.pf\/#website"},"primaryImageOfPage":{"@id":"https:\/\/www.isepp.pf\/index.php\/la-bu\/les-periodiques\/#primaryimage"},"datePublished":"2016-11-29T17:42:34+00:00","dateModified":"2019-03-22T01:37:49+00:00","breadcrumb":{"@id":"https:\/\/www.isepp.pf\/index.php\/la-bu\/les-periodiques\/#breadcrumb"},"inLanguage":"fr-FR","potentialAction":[{"@type":"ReadAction","target":["https:\/\/www.isepp.pf\/index.php\/la-bu\/les-periodiques\/"]}]},{"@type":"BreadcrumbList","@id":"https:\/\/www.isepp.pf\/index.php\/la-bu\/les-periodiques\/#breadcrumb","itemListElement":[{"@type":"ListItem","position":1,"name":"Accueil","item":"https:\/\/www.isepp.pf\/"},{"@type":"ListItem","position":2,"name":"LA BU","item":"https:\/\/www.isepp.pf\/index.php\/la-bu\/"},{"@type":"ListItem","position":3,"name":"P\u00e9riodiques"}]}]}},"_links":{"self":[{"href":"https:\/\/www.isepp.pf\/index.php\/wp-json\/wp\/v2\/pages\/53"}],"collection":[{"href":"https:\/\/www.isepp.pf\/index.php\/wp-json\/wp\/v2\/pages"}],"about":[{"href":"https:\/\/www.isepp.pf\/index.php\/wp-json\/wp\/v2\/types\/page"}],"author":[{"embeddable":true,"href":"https:\/\/www.isepp.pf\/index.php\/wp-json\/wp\/v2\/users\/1"}],"replies":[{"embeddable":true,"href":"https:\/\/www.isepp.pf\/index.php\/wp-json\/wp\/v2\/comments?post=53"}],"version-history":[{"count":6,"href":"https:\/\/www.isepp.pf\/index.php\/wp-json\/wp\/v2\/pages\/53\/revisions"}],"predecessor-version":[{"id":702,"href":"https:\/\/www.isepp.pf\/index.php\/wp-json\/wp\/v2\/pages\/53\/revisions\/702"}],"up":[{"embeddable":true,"href":"https:\/\/www.isepp.pf\/index.php\/wp-json\/wp\/v2\/pages\/49"}],"wp:attachment":[{"href":"https:\/\/www.isepp.pf\/index.php\/wp-json\/wp\/v2\/media?parent=53"}],"curies":[{"name":"wp","href":"https:\/\/api.w.org\/{rel}","templated":true}]}}