{"id":63,"date":"2016-11-29T18:48:35","date_gmt":"2016-11-29T17:48:35","guid":{"rendered":"http:\/\/192.168.71.104\/?page_id=63"},"modified":"2020-01-09T14:00:55","modified_gmt":"2020-01-10T00:00:55","slug":"vie-pratique","status":"publish","type":"page","link":"https:\/\/www.isepp.pf\/index.php\/la-vie-du-campus\/vie-pratique\/","title":{"rendered":"Vie pratique"},"content":{"rendered":"\t\t<div data-elementor-type=\"wp-post\" data-elementor-id=\"63\" class=\"elementor elementor-63 elementor-bc-flex-widget\" data-elementor-settings=\"[]\">\n\t\t\t\t\t\t<div class=\"elementor-inner\">\n\t\t\t\t\t\t\t<div class=\"elementor-section-wrap\">\n\t\t\t\t\t\t\t<section class=\"has_eae_slider elementor-section elementor-top-section elementor-element elementor-element-beulz05 elementor-section-boxed elementor-section-height-default elementor-section-height-default\" data-id=\"beulz05\" data-element_type=\"section\">\n\t\t\t\t\t\t<div class=\"elementor-container elementor-column-gap-default\">\n\t\t\t\t\t\t\t<div class=\"elementor-row\">\n\t\t\t\t\t<div class=\"has_eae_slider elementor-column elementor-col-100 elementor-top-column elementor-element elementor-element-5i706l4\" data-id=\"5i706l4\" data-element_type=\"column\">\n\t\t\t<div class=\"elementor-column-wrap elementor-element-populated\">\n\t\t\t\t\t\t\t<div class=\"elementor-widget-wrap\">\n\t\t\t\t\t\t<div class=\"elementor-element elementor-element-qw2nf6w elementor-widget elementor-widget-text-editor\" data-id=\"qw2nf6w\" data-element_type=\"widget\" data-widget_type=\"text-editor.default\">\n\t\t\t\t<div class=\"elementor-widget-container\">\n\t\t\t\t\t\t\t\t<div class=\"elementor-text-editor elementor-clearfix\">\n\t\t\t\t<div id=\"tagline\">\u00a0<\/div><div class=\"hentry-post\"><p>Le centre TEARAORA abrite non seulement l\u2019ISEPP mais \u00e9galement l\u2019IFEP.<\/p><p>L\u2019I.F.E.P, Institut de Formation de l\u2019Enseignement Priv\u00e9, a pour mission d\u2019assurer la formation des enseignants\u00a0 appel\u00e9s \u00e0 exercer dans les \u00e9tablissements des enseignements priv\u00e9s sous contrat de la Polyn\u00e9sie Fran\u00e7aise.<\/p><p>Son projet,\u00a0 \u00e9labor\u00e9 en concertation avec tous les partenaires institutionnels et professionnels, prend tout son sens en \u00e9tant au service de la population de la Polyn\u00e9sie Fran\u00e7aise pour son d\u00e9veloppement social, \u00e9conomique et culturel. Il se r\u00e9f\u00e8re aux valeurs de tol\u00e9rance, de solidarit\u00e9, de respect de l\u2019autre et s\u2019inscrit dans un contrat \u00e9ducatif, fond\u00e9 sur les valeurs chr\u00e9tiennes des Enseignements, Adventiste, Catholique et Protestant, dans le respect des particularit\u00e9s de chacun.<\/p><p>La premi\u00e8re ann\u00e9e de la formation initiale pr\u00e9pare aux concours des professeurs des \u00e9coles. La deuxi\u00e8me ann\u00e9e assure une formation professionnelle.<\/p><\/div>\t\t\t\t\t<\/div>\n\t\t\t\t\t\t<\/div>\n\t\t\t\t<\/div>\n\t\t\t\t\t\t<\/div>\n\t\t\t\t\t<\/div>\n\t\t<\/div>\n\t\t\t\t\t\t\t\t<\/div>\n\t\t\t\t\t<\/div>\n\t\t<\/section>\n\t\t\t\t\t\t<\/div>\n\t\t\t\t\t\t<\/div>\n\t\t\t\t\t<\/div>\n\t\t","protected":false},"excerpt":{"rendered":"<p>Le centre TEARAORA abrite non seulement l\u2019ISEPP mais \u00e9galement l\u2019IFEP. L\u2019I.F.E.P, Institut de Formation de l\u2019Enseignement Priv\u00e9, a pour mission d\u2019assurer la formation des enseignants&nbsp; appel\u00e9s \u00e0 exercer dans les \u00e9tablissements des enseignements priv\u00e9s sous contrat de la Polyn\u00e9sie Fran\u00e7aise. Son projet,&nbsp; \u00e9labor\u00e9 en concertation avec tous les partenaires institutionnels et professionnels, prend tout son [&hellip;]<\/p>\n","protected":false},"author":1,"featured_media":0,"parent":59,"menu_order":0,"comment_status":"closed","ping_status":"closed","template":"","meta":{"ngg_post_thumbnail":0},"yoast_head":"<!-- This site is optimized with the Yoast SEO plugin v17.1 - https:\/\/yoast.com\/wordpress\/plugins\/seo\/ -->\n<title>Vie pratique - ISEPP.pf<\/title>\n<meta name=\"robots\" content=\"index, follow, max-snippet:-1, max-image-preview:large, max-video-preview:-1\" \/>\n<link rel=\"canonical\" href=\"https:\/\/www.isepp.pf\/index.php\/la-vie-du-campus\/vie-pratique\/\" \/>\n<meta property=\"og:locale\" content=\"fr_FR\" \/>\n<meta property=\"og:type\" content=\"article\" \/>\n<meta property=\"og:title\" content=\"Vie pratique - ISEPP.pf\" \/>\n<meta property=\"og:description\" content=\"Le centre TEARAORA abrite non seulement l\u2019ISEPP mais \u00e9galement l\u2019IFEP. L\u2019I.F.E.P, Institut de Formation de l\u2019Enseignement Priv\u00e9, a pour mission d\u2019assurer la formation des enseignants&nbsp; appel\u00e9s \u00e0 exercer dans les \u00e9tablissements des enseignements priv\u00e9s sous contrat de la Polyn\u00e9sie Fran\u00e7aise. Son projet,&nbsp; \u00e9labor\u00e9 en concertation avec tous les partenaires institutionnels et professionnels, prend tout son [&hellip;]\" \/>\n<meta property=\"og:url\" content=\"https:\/\/www.isepp.pf\/index.php\/la-vie-du-campus\/vie-pratique\/\" \/>\n<meta property=\"og:site_name\" content=\"ISEPP.pf\" \/>\n<meta property=\"article:publisher\" content=\"https:\/\/fr-fr.facebook.com\/ISEPP-UCO-Pacifique-886593534792027\/?ref=page_internal\" \/>\n<meta property=\"article:modified_time\" content=\"2020-01-10T00:00:55+00:00\" \/>\n<meta name=\"twitter:card\" content=\"summary\" \/>\n<meta name=\"twitter:label1\" content=\"Dur\u00e9e de lecture est.\" \/>\n\t<meta name=\"twitter:data1\" content=\"1 minute\" \/>\n<script type=\"application\/ld+json\" class=\"yoast-schema-graph\">{\"@context\":\"https:\/\/schema.org\",\"@graph\":[{\"@type\":\"WebSite\",\"@id\":\"https:\/\/www.isepp.pf\/#website\",\"url\":\"https:\/\/www.isepp.pf\/\",\"name\":\"ISEPP.pf\",\"description\":\"\",\"potentialAction\":[{\"@type\":\"SearchAction\",\"target\":{\"@type\":\"EntryPoint\",\"urlTemplate\":\"https:\/\/www.isepp.pf\/?s={search_term_string}\"},\"query-input\":\"required name=search_term_string\"}],\"inLanguage\":\"fr-FR\"},{\"@type\":\"WebPage\",\"@id\":\"https:\/\/www.isepp.pf\/index.php\/la-vie-du-campus\/vie-pratique\/#webpage\",\"url\":\"https:\/\/www.isepp.pf\/index.php\/la-vie-du-campus\/vie-pratique\/\",\"name\":\"Vie pratique - ISEPP.pf\",\"isPartOf\":{\"@id\":\"https:\/\/www.isepp.pf\/#website\"},\"datePublished\":\"2016-11-29T17:48:35+00:00\",\"dateModified\":\"2020-01-10T00:00:55+00:00\",\"breadcrumb\":{\"@id\":\"https:\/\/www.isepp.pf\/index.php\/la-vie-du-campus\/vie-pratique\/#breadcrumb\"},\"inLanguage\":\"fr-FR\",\"potentialAction\":[{\"@type\":\"ReadAction\",\"target\":[\"https:\/\/www.isepp.pf\/index.php\/la-vie-du-campus\/vie-pratique\/\"]}]},{\"@type\":\"BreadcrumbList\",\"@id\":\"https:\/\/www.isepp.pf\/index.php\/la-vie-du-campus\/vie-pratique\/#breadcrumb\",\"itemListElement\":[{\"@type\":\"ListItem\",\"position\":1,\"name\":\"Accueil\",\"item\":\"https:\/\/www.isepp.pf\/\"},{\"@type\":\"ListItem\",\"position\":2,\"name\":\"LA VIE DU CAMPUS\",\"item\":\"https:\/\/www.isepp.pf\/index.php\/la-vie-du-campus\/\"},{\"@type\":\"ListItem\",\"position\":3,\"name\":\"Vie pratique\"}]}]}<\/script>\n<!-- \/ Yoast SEO plugin. -->","yoast_head_json":{"title":"Vie pratique - ISEPP.pf","robots":{"index":"index","follow":"follow","max-snippet":"max-snippet:-1","max-image-preview":"max-image-preview:large","max-video-preview":"max-video-preview:-1"},"canonical":"https:\/\/www.isepp.pf\/index.php\/la-vie-du-campus\/vie-pratique\/","og_locale":"fr_FR","og_type":"article","og_title":"Vie pratique - ISEPP.pf","og_description":"Le centre TEARAORA abrite non seulement l\u2019ISEPP mais \u00e9galement l\u2019IFEP. L\u2019I.F.E.P, Institut de Formation de l\u2019Enseignement Priv\u00e9, a pour mission d\u2019assurer la formation des enseignants&nbsp; appel\u00e9s \u00e0 exercer dans les \u00e9tablissements des enseignements priv\u00e9s sous contrat de la Polyn\u00e9sie Fran\u00e7aise. Son projet,&nbsp; \u00e9labor\u00e9 en concertation avec tous les partenaires institutionnels et professionnels, prend tout son [&hellip;]","og_url":"https:\/\/www.isepp.pf\/index.php\/la-vie-du-campus\/vie-pratique\/","og_site_name":"ISEPP.pf","article_publisher":"https:\/\/fr-fr.facebook.com\/ISEPP-UCO-Pacifique-886593534792027\/?ref=page_internal","article_modified_time":"2020-01-10T00:00:55+00:00","twitter_card":"summary","twitter_misc":{"Dur\u00e9e de lecture est.":"1 minute"},"schema":{"@context":"https:\/\/schema.org","@graph":[{"@type":"WebSite","@id":"https:\/\/www.isepp.pf\/#website","url":"https:\/\/www.isepp.pf\/","name":"ISEPP.pf","description":"","potentialAction":[{"@type":"SearchAction","target":{"@type":"EntryPoint","urlTemplate":"https:\/\/www.isepp.pf\/?s={search_term_string}"},"query-input":"required name=search_term_string"}],"inLanguage":"fr-FR"},{"@type":"WebPage","@id":"https:\/\/www.isepp.pf\/index.php\/la-vie-du-campus\/vie-pratique\/#webpage","url":"https:\/\/www.isepp.pf\/index.php\/la-vie-du-campus\/vie-pratique\/","name":"Vie pratique - ISEPP.pf","isPartOf":{"@id":"https:\/\/www.isepp.pf\/#website"},"datePublished":"2016-11-29T17:48:35+00:00","dateModified":"2020-01-10T00:00:55+00:00","breadcrumb":{"@id":"https:\/\/www.isepp.pf\/index.php\/la-vie-du-campus\/vie-pratique\/#breadcrumb"},"inLanguage":"fr-FR","potentialAction":[{"@type":"ReadAction","target":["https:\/\/www.isepp.pf\/index.php\/la-vie-du-campus\/vie-pratique\/"]}]},{"@type":"BreadcrumbList","@id":"https:\/\/www.isepp.pf\/index.php\/la-vie-du-campus\/vie-pratique\/#breadcrumb","itemListElement":[{"@type":"ListItem","position":1,"name":"Accueil","item":"https:\/\/www.isepp.pf\/"},{"@type":"ListItem","position":2,"name":"LA VIE DU CAMPUS","item":"https:\/\/www.isepp.pf\/index.php\/la-vie-du-campus\/"},{"@type":"ListItem","position":3,"name":"Vie pratique"}]}]}},"_links":{"self":[{"href":"https:\/\/www.isepp.pf\/index.php\/wp-json\/wp\/v2\/pages\/63"}],"collection":[{"href":"https:\/\/www.isepp.pf\/index.php\/wp-json\/wp\/v2\/pages"}],"about":[{"href":"https:\/\/www.isepp.pf\/index.php\/wp-json\/wp\/v2\/types\/page"}],"author":[{"embeddable":true,"href":"https:\/\/www.isepp.pf\/index.php\/wp-json\/wp\/v2\/users\/1"}],"replies":[{"embeddable":true,"href":"https:\/\/www.isepp.pf\/index.php\/wp-json\/wp\/v2\/comments?post=63"}],"version-history":[{"count":3,"href":"https:\/\/www.isepp.pf\/index.php\/wp-json\/wp\/v2\/pages\/63\/revisions"}],"predecessor-version":[{"id":778,"href":"https:\/\/www.isepp.pf\/index.php\/wp-json\/wp\/v2\/pages\/63\/revisions\/778"}],"up":[{"embeddable":true,"href":"https:\/\/www.isepp.pf\/index.php\/wp-json\/wp\/v2\/pages\/59"}],"wp:attachment":[{"href":"https:\/\/www.isepp.pf\/index.php\/wp-json\/wp\/v2\/media?parent=63"}],"curies":[{"name":"wp","href":"https:\/\/api.w.org\/{rel}","templated":true}]}}

<div data-elementor-type="wp-post" data-elementor-id="63" class="elementor elementor-63 elementor-bc-flex-widget" data-elementor-settings="[]">
						<div class="elementor-inner">
							<div class="elementor-section-wrap">
							<section class="has_eae_slider elementor-section elementor-top-section elementor-element elementor-element-beulz05 elementor-section-boxed elementor-section-height-default elementor-section-height-default" data-id="beulz05" data-element_type="section">
						<div class="elementor-container elementor-column-gap-default">
							<div class="elementor-row">
					<div class="has_eae_slider elementor-column elementor-col-100 elementor-top-column elementor-element elementor-element-5i706l4" data-id="5i706l4" data-element_type="column">
			<div class="elementor-column-wrap elementor-element-populated">
							<div class="elementor-widget-wrap">
						<div class="elementor-element elementor-element-qw2nf6w elementor-widget elementor-widget-text-editor" data-id="qw2nf6w" data-element_type="widget" data-widget_type="text-editor.default">
				<div class="elementor-widget-container">
								<div class="elementor-text-editor elementor-clearfix">
				<div id="tagline"> </div><div class="hentry-post"><p>Le centre TEARAORA abrite non seulement l’ISEPP mais également l’IFEP.</p><p>L’I.F.E.P, Institut de Formation de l’Enseignement Privé, a pour mission d’assurer la formation des enseignants  appelés à exercer dans les établissements des enseignements privés sous contrat de la Polynésie Française.</p><p>Son projet,  élaboré en concertation avec tous les partenaires institutionnels et professionnels, prend tout son sens en étant au service de la population de la Polynésie Française pour son développement social, économique et culturel. Il se réfère aux valeurs de tolérance, de solidarité, de respect de l’autre et s’inscrit dans un contrat éducatif, fondé sur les valeurs chrétiennes des Enseignements, Adventiste, Catholique et Protestant, dans le respect des particularités de chacun.</p><p>La première année de la formation initiale prépare aux concours des professeurs des écoles. La deuxième année assure une formation professionnelle.</p></div>					</div>
						</div>
				</div>
						</div>
					</div>
		</div>
								</div>
					</div>
		</section>
						</div>
						</div>
					</div>

<p>Le centre TEARAORA abrite non seulement l’ISEPP mais également l’IFEP. L’I.F.E.P, Institut de Formation de l’Enseignement Privé, a pour mission d’assurer la formation des enseignants&nbsp; appelés à exercer dans les établissements des enseignements privés sous contrat de la Polynésie Française. Son projet,&nbsp; élaboré en concertation avec tous les partenaires institutionnels et professionnels, prend tout son [&hellip;]</p>

<!-- This site is optimized with the Yoast SEO plugin v17.1 - https://yoast.com/wordpress/plugins/seo/ -->
<title>Vie pratique - ISEPP.pf</title>
<meta name="robots" content="index, follow, max-snippet:-1, max-image-preview:large, max-video-preview:-1" />
<link rel="canonical" href="https://www.isepp.pf/index.php/la-vie-du-campus/vie-pratique/" />
<meta property="og:locale" content="fr_FR" />
<meta property="og:type" content="article" />
<meta property="og:title" content="Vie pratique - ISEPP.pf" />
<meta property="og:description" content="Le centre TEARAORA abrite non seulement l’ISEPP mais également l’IFEP. L’I.F.E.P, Institut de Formation de l’Enseignement Privé, a pour mission d’assurer la formation des enseignants&nbsp; appelés à exercer dans les établissements des enseignements privés sous contrat de la Polynésie Française. Son projet,&nbsp; élaboré en concertation avec tous les partenaires institutionnels et professionnels, prend tout son [&hellip;]" />
<meta property="og:url" content="https://www.isepp.pf/index.php/la-vie-du-campus/vie-pratique/" />
<meta property="og:site_name" content="ISEPP.pf" />
<meta property="article:publisher" content="https://fr-fr.facebook.com/ISEPP-UCO-Pacifique-886593534792027/?ref=page_internal" />
<meta property="article:modified_time" content="2020-01-10T00:00:55+00:00" />
<meta name="twitter:card" content="summary" />
<meta name="twitter:label1" content="Durée de lecture est." />
	<meta name="twitter:data1" content="1 minute" />
<script type="application/ld+json" class="yoast-schema-graph">{"@context":"https://schema.org","@graph":[{"@type":"WebSite","@id":"https://www.isepp.pf/#website","url":"https://www.isepp.pf/","name":"ISEPP.pf","description":"","potentialAction":[{"@type":"SearchAction","target":{"@type":"EntryPoint","urlTemplate":"https://www.isepp.pf/?s={search_term_string}"},"query-input":"required name=search_term_string"}],"inLanguage":"fr-FR"},{"@type":"WebPage","@id":"https://www.isepp.pf/index.php/la-vie-du-campus/vie-pratique/#webpage","url":"https://www.isepp.pf/index.php/la-vie-du-campus/vie-pratique/","name":"Vie pratique - ISEPP.pf","isPartOf":{"@id":"https://www.isepp.pf/#website"},"datePublished":"2016-11-29T17:48:35+00:00","dateModified":"2020-01-10T00:00:55+00:00","breadcrumb":{"@id":"https://www.isepp.pf/index.php/la-vie-du-campus/vie-pratique/#breadcrumb"},"inLanguage":"fr-FR","potentialAction":[{"@type":"ReadAction","target":["https://www.isepp.pf/index.php/la-vie-du-campus/vie-pratique/"]}]},{"@type":"BreadcrumbList","@id":"https://www.isepp.pf/index.php/la-vie-du-campus/vie-pratique/#breadcrumb","itemListElement":[{"@type":"ListItem","position":1,"name":"Accueil","item":"https://www.isepp.pf/"},{"@type":"ListItem","position":2,"name":"LA VIE DU CAMPUS","item":"https://www.isepp.pf/index.php/la-vie-du-campus/"},{"@type":"ListItem","position":3,"name":"Vie pratique"}]}]}</script>
<!-- / Yoast SEO plugin. -->

Le centre TEARAORA abrite non seulement l’ISEPP mais également l’IFEP. L’I.F.E.P, Institut de Formation de l’Enseignement Privé, a pour mission d’assurer la formation des enseignants&nbsp; appelés à exercer dans les établissements des enseignements privés sous contrat de la Polynésie Française. Son projet,&nbsp; élaboré en concertation avec tous les partenaires institutionnels et professionnels, prend tout son [&hellip;]
